3))
-3
What is the value of (-7 - 18) + 44 + -31?
-12
What is the value of (5 - (17 - 4)) + 21?
13
Evaluate (0 - 6 - (9 + -9)) + -17.
-23
Evaluate 7 + -10 + (-3 - 5 - -5).
-6
(-28 - (-28 + -20)) + 0 + -7
13
Evaluate -19 + (-14 + 11 - -7) + (3 - 13).
-25
1 - (7 + -1) - (6701 - 6674)
-32
What is the value of (-6 - -7) + -1 - (6 + -4)?
-2
10 - (4 + -7) - 5 - (1 - 0)
7
What is -2 - (3 + (0 - 2) - 1 - 4)?
2
Calculate 1 - 16 - (-34 - -28) - 0.
-9
Calculate (2 - 13 - 3) + -7 - -4 - -4.
-13
What is the value of -18 + (89 - 40) - 66?
-35
-18 + (4 + 15 - 20) - -9
-10
Evaluate -13 + 33 - (-9 + 38).
-9
Evaluate 0 - 43 - (-1471 - -1403).
25
-3 + -8 + 9 + -8 + -3
-13
What is the value of (-9 - -16) + -33 + 17?
-9
Calculate (6 + 0 - (-98 - -99)) + -9 + -1.
-5
2 - (8 - (-3 - -12)) - -7
10
Calculate 27 + -3 + (-4 - -6) - (68 + -60).
18
What is -6 + -1 + 1 - ((6 - 6) + -13)?
7
What is 5 - -55 - (-127 + 160)?
27
Evaluate -10 + -25 + 36 + -24.
-23
Calculate 13 - 3 - 0 - 5.
5
((-3 - -2) + 2 - (34 - 32)) + 0
-1
Calculate -11 + -2 + (-17 - -36) + 14.
20
Evaluate (-4 - (2 + -17)) + (-2 - -11) + -34.
-14
(18 - 32) + 21 - 41
-34
Calculate -1 + 35 + -6 + -29.
-1
Calculate 3 + (4 - (14 + -5 + 6)).
-8
Evaluate (-5 - -2) + (2 + -5 - (14 - 10)).
-10
-9 + (-5 + 5 - -6) + 12 - 3
6
Evaluate -7 + 9 + -1 + 2.
3
Evaluate (16 - 32 - -15) + (-5 - 2 - -3).
-5
(-4 - -40) + -59 + 3
-20
What is 100 - 90 - (-5 - -29)?
-14
What is -37 + 69 - -9 - 67?
-26
Calculate 4 + -5 - -6 - (-14 + 28) - -3.
-6
What is the value of (5 - (0 + -3 + 18)) + 17?
7
What is the value of (-32 + 33 - 34) + 50?
17
What is the value of 1 - -2 - (-47 - -61)?
-11
What is (20 - 0) + -10 + -11?
-1
What is the value of (0 - -4 - (-30 - -39)) + 5?
0
What is (-14 - -24) + (3 + -3 - 0)?
10
What is (48 + -66 - (8 - -1)) + -4?
-31
What is the value of 2 + -3 + (9 - -4 - -3)?
15
What is (-11 - 4) + (-6 - (5 + -18)) - 7?
-15
(4 - -4) + (0 - (2 - 2) - 2)
6
Evaluate (-5 - (4 + -3) - (42 - 56)) + -2.
6
-9 + (7 + 1 - 3) + 3 - -10
9
What is 13 + (-11 - 4) + -2?
-4
What is -6 + 1 + (23 - 14 - 0)?
4
What is the value of -10 + (-1 - -2) - (-31 + 18 + 11)?
-7
Evaluate -45 + 10 + 4 + 14.
-17
-31 + -3 + 0 - (1034 + -1052)
-16
What is 2 + (-6 - -2) - (6 + (1 - 6))?
-3
-74 + 33 - (-25 - 2)
-14
Evaluate 21 + -26 + 26 - (3 - -2).
16
Evaluate 5 + (45 + -10 - 25 - (3 + -1)).
13
What is -1 + 6 - (6 + -19 + 6)?
12
Evaluate 5 + -6 + (-7 + 6 - -9).
7
What is 1 - 18 - (983 + -1004)?
4
What is -13 + 3 + (-139 - -161)?
12
Evaluate (-1 - 3 - -13) + -32.
-23
Evaluate (-14 - -4) + (-10 - -6) + (-7 - 2).
-23
What is the value of -12 - (-1 + (0 - (-3 - 1)) + -4)?
-11
Calculate -4 + -2 + 15 + (7 + -2 - 6).
8
What is the value of -21 + 7 + 1 + (28 + -37 - -11)?
-11
What is the value of 8 + -4 - 3 - 4 - (31 + -45)?
11
(-3 - -3) + 0 + (10 - (4 + -5))
11
What is -18 + 14 - (-1 + (-1 - -3) + 0)?
-5
What is (-23 - -20) + -22 + 17?
-8
What is the value of -18 + (8 - (-13 + 18))?
-15
What is 4 + 0 + -6 - (-6 + 5)?
-1
9 - 1 - (35 + -36)
9
(4 - 8 - -20 - 0) + 6 + -6
16
What is -3 - (-16 + 6 - -13)?
-6
What is (-14 - 1) + (14 - 8)?
-9
-5 - (62 + -38 - 16)
-13
What is 5 - (-11 + 1 + 126 + -136)?
25
What is the value of -68 - -67 - (0 - -3 - (-9 - -7))?
-6
What is 110 - 133 - (-10 - ((-2 - 2) + 2))?
-15
What is the value of 10 - (-10 - (-11 - 9))?
0
Calculate -8 + -1 + (-5 - (3 - 6) - -7).
-4
Evaluate 1 - 7 - (-6 + (8 + 4 - 2)).
-10
-26 + (98 - (7 - -37))
28
Calculate -14 + 20 + (-6 - -4 - -4).
8
What is (-8 - -3) + 80 + -67?
8
Evaluate (22 - 11) + -1 - (-3 + -14 + -3).
30
What is the value of (2 - -1) + -316 + 308?
-5
What is the value of -6 - ((-3 - (-30 - 5)) + (-9 - 0))?
-29
Calculate (0 - 8) + (-18 - (-28 + -1)).
3
Calculate (64 - (-14 + 1 - -36)) + 0 + -7.
34
Evaluate -5 + (4 + -1 - (-1 + -15)).
14
Evaluate (13 + -2 - 9 - (3 + -2)) + -18.
-17
What is the value of (-2 - -18) + -19 - (3 - -5)?
-11
6 + (-7 - (-26 + 31))
-6
4 - (-4 - -2) - (5 + 8)
-7
Evaluate ((14 - 2) + 15 - (1 + -2)) + -8.
20
Evaluate (5 - (-1 + 4 + -6 + -7)) + 1.
16
Calculate (-16 - (19 - (14 + 4))) + 38.
21
Calculate 1 + 7 + (-15 - (12 + -12)).
-7
0 + -4 - (23 + -18 + -2)
-7
What is (3 - 2) + (-5 - 4) + (-2 - 5)?
-15
What is (24 - 4) + (-35 - -5)?
-10
What is the value of 13 + (-7 - 21) - -7?
-8
What is the value of ((-17 - -5) + -6 - (-3 + -9)) + 26?
20
What is -46 + 37 + 32 + 7?
30
What is 17 + -21 + -19 + 1 + (-69 - -79)?
-12
What is -1 + -18 + (-2 + 15 - (0 - -13))?
-19
What is (-62 - -54) + (2 - (10 - 4))?
-12
What is the value of (15 - (5 + -11)) + (-232 - -231)?
20
Calculate 8 + 10 + 3 + -21.
0
Calculate (-2 - -14) + -20 - (0 - 4) - 8.
-12
What is the value of 4 - (-4 + (3 - (-7 + (0 - 2))))?
-4
Calculate (14 - (-6 + 11)) + -1.
8
-4 + (-24 - -61) + -17
16
Evaluate 13 - (8 - (-10 + 10)) - (-10 + 47).
-32
Evaluate -252 + 265 + (1 - 1).
13
(-25 - -2) + (-13 - (16 + -38))
-14
Evaluate (-9 - 28 - -27) + -2 + 0 - 1.
-13
What is the value of -2 - (-6 + (13 - 8) + -8 + -3)?
10
Calculate -27 - ((20 - 47) + -40).
40
What is (-4 - -4) + -3 + (195 - 171)?
21
What is the value of -3 - -14 - (-7 - (-8 - 4))?
6
-3 + (-7 - (-2 - 10)) + 8
10
What is the value of 14 + -2 - (-552 - -539)?
25
What is 7 + -19 + 4 - (0 + 1)?
-9
-1 + 0 + -3 + (-27 - -70 - 16)
23
-345 - -361 - ((2 - 1) + 6)
9
(-5 - (-2 + 2)) + (-3 - 14 - -29)
7
What is the value of -17 + (-12 - -8) + 10 + (-3 - -4)?
-10
What is the value of (22 - 62 - -41) + -28 + (-2 - 1)?
-30
Calculate (3 - -1) + 5 + 9.
18
-16 - (-1 - (2 - (0 - -2)))
-15
1 - (1 - (-12 + 20 + (0 - 21)))
-13
Evaluate (-12 + 13 - 12) + 5.
-6
Calculate -5 - 1 - (-2 - -8).
-12
Calculate 24 + -39 + -1 + 1 + 3.
-12
Evaluate 10 + -1 - (0 + 3 - -8) - -19.
17
Evaluate 5 + (-9 - (-6 - (7 - (-7 - -8)))).
8
Calculate (0 + -5 - (9 + -9)) + 10 + -2.
3
Evaluate 48 + -17 - 24 - 25.
-18
Calculate 1 - -7 - ((59 - 111) + 38).
22
What is 8 + (-4 - (-12 - -4) - 26) + -1?
-15
(-8 - -17) + -29 - -15 - (-13 - -1)
7
What is the value of -12 + (16 - 19) - 2?
-17
What is the value of 44 - (-16 + 58 + -20)?
22
Evaluate (-1 - 23) + -682 + 690.
-16
Calculate 6 - (31 - 16) - ((-16 - 1) + 1).
7
What is the value of 1 - ((-1 + 9 - 6) + -5) - 2?
2
What is 18 + -26 + -13 - -29?
8
-11 + 5 - (-21 - -21)
-6
Evaluate -7 - (0 + (2 - -2) + 0) - -5.
-6
What is 13 + 13 + -3 + (-5 - 7)?
11
2 - -5 - (515 - 494)
-14
Evaluate 120 + -156 + (0 - -10).
-26
Evaluate (1 - 14) + (-1 - (-7 - 1)).
-6
4 - (-15 - -28 - 14 - -14)
-9
What is 5 + (6 - (9 + -2 + -3) - 5)?
2
Calculate 2 + -4 + 2 - (3 + (-4 - 4)).
5
Calculate -15 + 1 + 415 + -409.
-8
(-3 - 0 - 3) + (6 - -7)
7
What is -3 + (1 - -1) + (15 - 4)?
10
Evaluate (22 - 0) + (-71 + -2 - -64).
13
9 - (26 - (5 - 6))
-18
Evaluate (3 - 12) + 10 + 25 + -11.
15
What is the value of (2 + (-2 - 17) - (-4 - -1)) + 6?
-8
What is (-10 + -2 - (1 - 17)) + -6?
-2
Evaluate 2 + 9 - (-4 - -21).
-6
What is 7 + 5 + -9 + (1 - (-2 - 1))?
7
Calculate 4 - 7 - -5 - 4 - 4.
-6
(6 - 51) + 24 + 42
21
Calculate -17 + -16 + 50 + -12.
5
What is the value of (-19 - 1 - 3) + -12 + (10 - -10)?
-15
What is the value of -13 + -5 - (-6 + 0 - 1)?
-11
What is 8 + (0 - 4) + 0 - (66 - 44)?
-18
What is the value of -1 + -3 + (-8 - -4) + 5?
-3
55 + -16 - 22 - (0 + 49)
-32
What is 2 + (17 - 11 - (3 - 0)) + -7?
-2
Calculate (-2 - (-5 - 47)) + -12 - 8.
30
3 + (0 - -3) + (-4 - -8)
10
175 - 161 - (-2 + -1 + 8)
9
Calculate -6 - 10 - (-1 + -2).
-13
What is (-18 - 3 - -14) + 12?
5
Evaluate (-17 - -47) + -4 + (-14 - -2).
14
-73 + 93 + (8 - 9)
19
Evaluate -14 + -3 - -7 - -34 - -14.
38
Evaluate (84 - (-9 - -40)) + -24.
29
68 + -91 - (-31 + -8)
16
(-1 - 40) + (-4 - (-5 + 2 + -12))
-30
What is 73 - 79 - (-1 - ((14 - -3) + -2))?
10
Calculate 1 + -1 + 2 + -4 + -14 + 10.
-6
Calculate (-44 - -42) + -44 - -65.
19
(5 - (-3 - -5)) + 3 + (-7 - 22)
-23
1 + 13 + -21 - (1 - 18 - 0)
10
What is 6 + (-5 - -1 - (94 - 59))?
-33
Evaluate 5 + 1 + -3 + -1 + -7 - 18.
-23
-5 + -7 + 19 + (-9 - -1)
-1
Evaluate 9 + -8 - (29 + -3 + (2 - -3)).
-30
What is (-4 - -10) + -4 - (1 - 13 - -33)?
-19
Calculate (4 - -14) + 8 - 46.
-20
What is the value of 3 + 4 + (0 - -9) + -5?
11
Evaluate -3 + -1 + -42 + (8 - -17).
-21
6 - 5 - (-4 + (-6 - -18))
-7
What is 29 + (-34 - (-43 - -26))?
12
(6 - 2) + 14 + (11 - 21)
8
Calculate 10 + 0 + (3 - 5 - 11).
-3
(23 - (15 - 1)) + 